000001 + 10?
-1111111
In base 9, what is -67 - 7?
-75
In base 12, what is 18 + 1?
19
In base 13, what is -18 - c0?
-108
In base 8, what is -11 - 1275?
-1306
In base 14, what is 0 + 92?
92
In base 3, what is -2121 - 1?
-2122
In base 4, what is 310231 - 1?
310230
In base 16, what is -b + 3?
-8
In base 12, what is 92b - -5?
934
In base 2, what is -101 + 1001?
100
In base 9, what is 321 + 2?
323
In base 4, what is 132123 - 3?
132120
In base 11, what is -19 - -6?
-13
In base 7, what is -220 - -14?
-203
In base 12, what is 213 - -1?
214
In base 6, what is 1111 + 3?
1114
In base 14, what is -2 - 6a5?
-6a7
In base 8, what is -12416 - -1?
-12415
In base 5, what is 4 + 332?
341
In base 6, what is 14542 + 3?
14545
In base 13, what is 3 - -298?
29b
In base 13, what is -6 - 363?
-369
In base 11, what is 133 - -4?
137
In base 2, what is -1000000 + -10010110?
-11010110
In base 12, what is 43 - -20?
63
In base 10, what is 3 - 94?
-91
In base 4, what is 1 - -22?
23
In base 7, what is -34 - -531?
464
In base 3, what is 101220 + 11?
102001
In base 16, what is 12a00 + 3?
12a03
In base 6, what is 22 - 140?
-114
In base 2, what is -11100011 + -11?
-11100110
In base 11, what is 107 + -2?
105
In base 8, what is 54 + 13?
67
In base 11, what is 3 + 1547?
154a
In base 4, what is 133103 - 11?
133032
In base 2, what is -1000010010 - -110?
-1000001100
In base 8, what is -11463 + -5?
-11470
In base 3, what is 10 - -120212?
120222
In base 10, what is 5 + 36?
41
In base 4, what is -1 - -10220?
10213
In base 4, what is 0 - 1201?
-1201
In base 15, what is 1 - -990?
991
In base 9, what is 2 - -1548?
1551
In base 12, what is 5 + -12?
-9
In base 12, what is -2 - -36?
34
In base 6, what is -4 + -513?
-521
In base 15, what is -1 + 8e3?
8e2
In base 9, what is -63 - 13?
-76
In base 4, what is -111 + 11301?
11130
In base 5, what is -2 + 41?
34
In base 11, what is -188 + -16?
-1a3
In base 13, what is 181 + 0?
181
In base 14, what is 20 + -7?
17
In base 5, what is -102 - -3044?
2442
In base 16, what is 25 + -4?
21
In base 9, what is -1 + -3?
-4
In base 9, what is 5 - -1617?
1623
In base 2, what is -1010100001 - -10?
-1010011111
In base 10, what is -26 - 1?
-27
In base 15, what is 1 + 313?
314
In base 9, what is -2 - -3754?
3752
In base 6, what is -3410 - 0?
-3410
In base 15, what is -41 + 9?
-37
In base 11, what is 15 - -1?
16
In base 11, what is 81 - -6?
87
In base 4, what is -2 - -33323?
33321
In base 9, what is 112 - 2?
110
In base 8, what is -42337 + 1?
-42336
In base 8, what is -12 + 43?
31
In base 4, what is 231 - -111?
1002
In base 10, what is -25 + -176?
-201
In base 10, what is -274 - 2?
-276
In base 4, what is 1021 + 1?
1022
In base 16, what is 3f - 5?
3a
In base 7, what is 5 - 320?
-312
In base 6, what is 35242 + 3?
35245
In base 8, what is 40 - 42?
-2
In base 12, what is 136 + 4?
13a
In base 13, what is -12 + 2a3?
291
In base 3, what is 2 - -1010122?
1010201
In base 6, what is 3353 - 5?
3344
In base 14, what is 1014 + -1?
1013
In base 12, what is 43 + 26?
69
In base 4, what is 30 - 122323?
-122233
In base 13, what is -aa - 4?
-b1
In base 2, what is 11011110 - 100?
11011010
In base 5, what is 10003 + 2?
10010
In base 5, what is 11 - 1341?
-1330
In base 14, what is 0 + 22?
22
In base 15, what is -1 - -65?
64
In base 15, what is -14 + -88?
-9c
In base 4, what is -20330 + -1?
-20331
In base 3, what is -112002 + -1?
-112010
In base 5, what is -3 + -231?
-234
In base 6, what is -10225 + 0?
-10225
In base 2, what is -100001111 + -111?
-100010110
In base 10, what is 755 + 5?
760
In base 12, what is 30a2 + -5?
3099
In base 7, what is 21 + 230?
251
In base 15, what is -13 - a?
-1d
In base 16, what is 7 + 53?
5a
In base 15, what is 19 + 15?
2e
In base 4, what is 101031 - 3?
101022
In base 4, what is -11 - -21130?
21113
In base 13, what is -42 + 11?
-31
In base 12, what is 5 - -989?
992
In base 3, what is -12 - 11?
-100
In base 16, what is -a + -e?
-18
In base 4, what is -112321 + -1?
-112322
In base 15, what is 399 - -8?
3a2
In base 9, what is -7 - 3?
-11
In base 6, what is 0 - -43?
43
In base 11, what is 67a - 2?
678
In base 13, what is 4 + -376?
-372
In base 16, what is -2d4 + -3?
-2d7
In base 7, what is -35 + 13?
-22
In base 7, what is -1 + 36?
35
In base 4, what is -131 + -200?
-331
In base 5, what is 10 - -1033?
1043
In base 4, what is 0 - -2112?
2112
In base 9, what is 383 + 22?
415
In base 6, what is -25123 - -4?
-25115
In base 6, what is 2 - 44?
-42
In base 15, what is -2 - 51?
-53
In base 16, what is 10 - 1e3?
-1d3
In base 14, what is 3d - -44?
83
In base 16, what is 26d + -19?
254
In base 6, what is 251 - -14?
305
In base 8, what is 12 - -34?
46
In base 3, what is -10211 + 121?
-10020
In base 3, what is 2 - 1000?
-221
In base 3, what is 0 + -101010?
-101010
In base 2, what is 0 + -1111?
-1111
In base 13, what is 31 + -6?
28
In base 9, what is -1426 + 2?
-1424
In base 9, what is 3 - -728?
732
In base 5, what is 224111 + 2?
224113
In base 11, what is 2a + -70?
-41
In base 5, what is -130 - 331?
-1011
In base 6, what is 204303 - 1?
204302
In base 7, what is -64 + 266?
202
In base 15, what is 0 + 126?
126
In base 6, what is -10 + 10?
0
In base 9, what is -4 - 15?
-20
In base 9, what is 1 - -58?
60
In base 3, what is -211 - -100000?
22012
In base 10, what is 3227 + 0?
3227
In base 15, what is -4c + -4?
-51
In base 7, what is -3024 + 2?
-3022
In base 7, what is -2314 + -6?
-2323
In base 10, what is 23 - -6?
29
In base 9, what is 14 + 34?
48
In base 4, what is -1 + 111?
110
In base 7, what is 5443 + 3?
5446
In base 3, what is 1212 + 1?
1220
In base 11, what is 1 - -9?
a
In base 12, what is -4 - -449?
445
In base 3, what is -1 + 1110120?
1110112
In base 10, what is -26 + 46?
20
In base 10, what is 5 - -1088?
1093
In base 8, what is 142 + 32?
174
In base 13, what is -3 - 455?
-458
In base 15, what is -1e + -4a?
-69
In base 6, what is 53 - 313?
-220
In base 14, what is -a - -17?
b
In base 6, what is -23 + 21?
-2
In base 5, what is -2 + -143030?
-143032
In base 10, what is 11 + -59?
-48
In base 13, what is c + -2a?
-1b
In base 11, what is -67 - 5?
-71
In base 11, what is -3 - -1a?
17
In base 6, what is -5 + 3433?
3424
In base 13, what is -2 + -148?
-14a
In base 8, what is 2 + 10031?
10033
In base 4, what is 21 - -11032?
11113
In base 4, what is -3 - -3211?
3202
In base 13, what is 14 + -506?
-4c2
In base 15, what is -5 - -1470?
146a
In base 5, what is -203 - 10?
-213
In base 9, what is 5 - 7632?
-7626
In base 10, what is 3 + 3?
6
In base 4, what is 2 - 1223?
-1221
In base 2, what is 11000100 - -11?
11000111
In base 5, what is -41 + 10?
-31
In base 8, what is -44221 + 2?
-44217
In base 2, what is -1 + 1011011110?
1011011101
In base 10, what is -1 + -38?
-39
In base 10, what is -223 - -1?
-222
In base 5, what is -201 + -311?
-1012
In base 12, what is 9 - 16?
-9
In base 15, what is -1 + -9d7?
-9d8
In base 10, what is 4 + -53?
-49
In base 4, what is -322 - -3?
-313
In base 16, what is 2 + 45?
47
In base 10, what is -2 + 277?
275
In base 11, what is 110 - -49?
159
In base 15, what is d - 28?
-1a
In base 2, what is 1111 + -111000001?
-110110010
In base 12, what is -137 + 3?
-134
In base 9, what is 30 - -23?
53
In base 3, what is -122 - -20222?
20100
In base 5, what is 13414 - -10?
13424
In base 9, what is -685 + -1?
-686
In base 9, what is -8 + -178?
-187
In base 3, what is 10 + 220200?
220210
In base 16, what is -f - 4?
-13
In base 10, what is -3 - 521?
-524
In base 11, what is -3340 - 4?
-3344
In base 4, what is -33023 + -2?
-33031
In base 2, what is 10001 - -10?
10011
In base 9, what is -5 - -231?
225
In base 8, what is 7 + -16?
-7
In base 7, what is -303 - 244?
-550
In base 14, what is 0 + -16d?
-16d
In base 4, what is -111 - -100?
-11
In base 15, what is -15 + -97?
-ac
In base 6, what is -32111 - 4?
-32115
In base 13, what is -34a - 2?
-34c
In base 12, what is -40 + 6?
-36
In base 16, what is -83be - -3?
-83bb
In base 11, what is -11 + a5?
94
In base 12, what is 49 + -8?
41
In base 5, what is -111 - -21?
-40
In base 4, what is 2 + -1313?
-1311
In base 8, what is -3 - -73?
70
In base 8, what is 133 - -2?
135
In base 11, what is 5 - 35?
-30
In base 10, what is 932 - 0?
932
In base 4, what is 33 - 2?
31
In base 6, what is 15115 - 13?
15102
In base 3, what is -1022 + -100?
-1122
In base 